?
3, 7
Suppose -6*k = -3*k - 504. Suppose 9*r - 5*r = k. List the prime factors of r.
2, 3, 7
Let f be (-28)/(-8) + 1/(-2). Suppose 6*k - 5*k - 21 = f*c, -4*k - 2*c + 28 = 0. Suppose -i + k = -0*i. List the prime factors of i.
3
Let p = 7 - 13. List the prime factors of (3/p)/((-2)/16).
2
Let a = -20 - -44. List the prime factors of a.
2, 3
Let c(u) = -18 - 2*u - u**2 + 0*u - 2 + 3*u. Let x be c(0). Let o = -6 - x. List the prime factors of o.
2, 7
Let k(d) = -d + 3. Let q be k(0). Suppose 0*u = 3*u. Suppose q*c + u*c = 24. List the prime factors of c.
2
Suppose 13 + 20 = k. List the prime factors of k.
3, 11
Let i = -6 - -12. List the prime factors of 3/(4/(208/i)).
2, 13
Suppose -2 + 7 = -3*h - 5*j, -5*h + 37 = -3*j. Suppose -2*p = h*d - 57, -d + 1 = -3*p + 6*p. What are the prime factors of d?
13
Let p be (-20)/5 + 1*2. What are the prime factors of (130/20)/((-1)/p)?
13
Let q = -60 - -269. List the prime factors of q.
11, 19
Let t(k) = k**3 - 3*k + 3*k**2 + 3*k**2 - 2 - 3. Let g = 35 + -41. What are the prime factors of t(g)?
13
Suppose -2*o = -3*u + 126, -o - 218 = -4*u - 50. Suppose 2*w = -w + u. What are the prime factors of w?
2, 7
Let c(t) = t**3 + 10*t**2 + 8*t + 3. Let l(x) = -x**2 + 7*x + 9. Let b be l(9). What are the prime factors of c(b)?
2, 3
Suppose 3*b - 12 = p, -6 + 14 = 2*p + 2*b. Suppose p = o - y - 21, -3*o - 4*y + 41 = -2*o. What are the prime factors of 10/o + 66/10?
7
Let h(g) = g**2 + 2. Suppose 3*o + 3*z + 10 = -5, -5*z = 4*o + 18. What are the prime factors of h(o)?
3, 17
List the prime factors of (-1)/(-6) + (-3236)/(-24).
3, 5
Suppose -3*y + 2*y + 45 = 0. Suppose 5*l = -h - 3*h + y, 57 = 3*h - 4*l. List the prime factors of h.
3, 5
Let u(o) = -o**2 + 6*o + 9. Let i be u(6). List the prime factors of 2*i/6 + 10.
13
Suppose 4*v + 2*n = 46, 3*v + n = 4*v - 13. Suppose -44 = -y - v. What are the prime factors of y?
2
Let w(y) = -y**3 - y**2 + y + 2. Let n be w(-2). Suppose -n*b = 3*l + 2*l - 36, -2*b + 40 = -3*l. Let o = -6 + b. What are the prime factors of o?
2
Let t(q) = 42*q - 14. List the prime factors of t(3).
2, 7
Let q be -1*3 + 2 + 4. Suppose 4*f - 84 = q*k, -2*k = 5*f + k - 132. Suppose -3*s + u + f + 15 = 0, 5*s + u - 57 = 0. List the prime factors of s.
2, 3
Let p = -65 - -117. What are the prime factors of p?
2, 13
Let v(l) = -l + 12. Let b be v(11). What are the prime factors of 9/b + (-3 - -2)?
2
Suppose -g + 3*a - 3 = -2, 0 = g - 5*a - 3. Let d = 9 + g. Suppose -t = -d - 5. What are the prime factors of t?
7
Suppose -3*l = -4 + 7. Let y(c) = -42*c. List the prime factors of y(l).
2, 3, 7
What are the prime factors of 294/10 + 2/(-5)?
29
Let m be (-4)/(-6)*(0 - -3). Suppose -m*b = b - 36. Suppose -2*p - p = -b. List the prime factors of p.
2
Suppose -i + 3*b = 3 - 152, 0 = -i - b + 161. What are the prime factors of i?
2, 79
List the prime factors of 0 + 1 + 2 + 8.
11
Suppose 3*v + 6 = 18. Suppose -49 = -v*g + 31. What are the prime factors of g?
2, 5
What are the prime factors of 3*-2*6/(-9)?
2
Suppose -2*y = -3*f - 196, 4*f = 4*y + 3*f - 402. List the prime factors of y.
101
What are the prime factors of 8/2 - (-34 + 4)?
2, 17
Suppose 0 = 2*z - 4*z - p - 10, 5*p = 3*z + 15. Let f(o) = o**3 + 4*o**2 - 6*o + 7. What are the prime factors of f(z)?
2, 3
Suppose -5*r - 9 = -p - 0*p, r = 4*p + 21. Let i = p + 12. List the prime factors of i.
2, 3
Suppose 3*y = -f - 1 + 28, -36 = -3*y - 4*f. Let q be 6/y*2*4. Suppose -q*x + 55 = -x. List the prime factors of x.
11
Let f be (-2)/(2/40*-1). Let h = -14 + f. List the prime factors of h.
2, 13
Suppose 451 = 4*w + 5*h, 0*w = -2*w + 4*h + 258. List the prime factors of w.
7, 17
Let y be ((-38)/4)/((-3)/6). Suppose 4*g = -5 - y. Let h(l) = -l - 1. List the prime factors of h(g).
5
Suppose i - 563 = -4*m + 114, 0 = 2*m - 3*i - 321. List the prime factors of m.
2, 3, 7
Let h be (4/((-12)/(-51)))/1. Suppose h = -2*c - 15. List the prime factors of c/(2 + -2 + -1).
2
Let d(o) be the third derivative of o**4/24 + 8*o**3/3 - 2*o**2. Let j be d(-11). Suppose -5*q - 3*u = -59 - 16, -4*q + 60 = -j*u. List the prime factors of q.
3, 5
Let x(p) = -p**3 + p**2 + 2*p - 2. Let b be x(2). Let t = -4 + b. Let z = t - -8. List the prime factors of z.
2
Let g be (-6)/12 - (-22)/4. Suppose -2 = -3*i + 7. Suppose 0 = g*p + 2*t - 0*t - 26, 5*p - 24 = -i*t. List the prime factors of p.
2, 3
Let x = 3 - -3. Let u be 3 - (4/(-2))/(-2). Suppose -x*r + r + 33 = u*j, r = -5*j + 48. List the prime factors of j.
3
Let q = -104 + 186. List the prime factors of q.
2, 41
Suppose 4*c = 26 - 2. List the prime factors of (-4)/c*(-2 - 16).
2, 3
Suppose 0 = 108*w - 111*w + 408. What are the prime factors of w?
2, 17
Suppose 3*m + 15 = 4*m. What are the prime factors of m?
3, 5
Let m = 2 - -134. List the prime factors of m.
2, 17
Suppose -6*a + 15 = -a. Suppose 0 = a*t - 7*t + 12. List the prime factors of 8/t - 1/(-3).
3
Let o(z) = z - 4 + 6 - 4. Suppose -5*d + 22 = -18. What are the prime factors of o(d)?
2, 3
Suppose 0 = -4*x + 16, -2*b + b = -2*x + 5. Let q = -3 + b. Suppose 0 = -q*v - 2*v + 18. What are the prime factors of v?
3
Suppose 5*h + 0*h = -95. Let b = 45 + -75. Let l = h - b. What are the prime factors of l?
11
Suppose 5*u = t - 37, -3*u + 79 = 4*t - 0*u. List the prime factors of t.
2, 11
Let w(u) = -41*u + 7. Let n be w(-3). Suppose c + n = 5*s, 4*s + 106 = 7*s + 5*c. What are the prime factors of s?
3
Suppose -2*o = 5 + 1, 0 = p - 3*o - 42. Let b be (0 - -23)*-1 + 0. Let k = b + p. List the prime factors of k.
2, 5
Let h(m) = m**3 + 13*m**2 + 15*m - 4. What are the prime factors of h(-5)?
11
Let y be 1 - -1*(0 + -1). Suppose y*d = 2*d - 46. What are the prime factors of d?
23
Let u be -7*(-2 + 1) - 1. Suppose 4*g + 30 = -3*n, -g + 15 = -u*g. Let b = n + 19. What are the prime factors of b?
13
Let a = 0 - -3. Suppose 2*r + 5*b = -17, 5*r - 3 = a*b + 1. List the prime factors of -1 + r + 5/1.
3
Suppose -5*k + 3*t - 5 = 0, -4*k - 5*t = -14 - 19. What are the prime factors of k?
2
Suppose 3 = l - 2*r - 0*r, -2*l - 2*r + 12 = 0. Suppose -d - 90 = -4*z + 4*d, -50 = -2*z + l*d. What are the prime factors of z?
2, 5
Suppose -2*q - 2 = -2*g, -2*q + g - 6 = -0*g. Let d = 6 - q. List the prime factors of d.
11
Let j(s) = -s**3 + 5*s**2 - 2*s + 4. Let z = -2 - -6. List the prime factors of j(z).
2, 3
Let c = -8 + 8. Let l be -1 + c - -2 - 0. Let y(z) = 17*z**3 - z + 1. List the prime factors of y(l).
17
Suppose -4*q = -f + 85 + 37, f - 122 = 3*q. What are the prime factors of f?
2, 61
Suppose -a + 0 = -1. Let j = -7 + a. What are the prime factors of 1/(-3) + (-14)/j?
2
Let q(l) be the first derivative of -l**3/3 + 5*l**2/2 + 4*l - 1. List the prime factors of q(5).
2
Suppose -17 + 2 = 5*l. List the prime factors of -19*(-2)/(-1 - l).
19
Let s be (6/7)/((-2)/(-14)). Let k = s + -2. Let o = k + 3. List the prime factors of o.
7
Suppose -5*u + 17 = -28. What are the prime factors of u?
3
Let o = 8 + 4. List the prime factors of o.
2, 3
Suppose 6*i - 2*i + k - 253 = 0, 0 = 4*i + 4*k - 244. What are the prime factors of i?
2
Let q = 74 - 18. Suppose -4*l = -28 - q. List the prime factors of l.
3, 7
Suppose 486 = 2*r + 72. What are the prime factors of r?
3, 23
Let c = -5 + 10. Suppose 5*s = 2*t - 9, -3*s = -c*t - 0*s + 32. What are the prime factors of t?
7
Suppose 4*x - 4*d - 144 = 0, 8*d = 3*d - 10. List the prime factors of x.
2, 17
Let l(k) = 4 + 12 - 6*k + 2*k**2 - 22. List the prime factors of l(6).
2, 3, 5
List the prime factors of 121/2 - 12/24.
2, 3, 5
Suppose -5*o = -0*o - 10. Let u = -3 + o. What are the prime factors of 6 + u/1 + -1?
2
Suppose -215 - 16 = -3*z. List the prime factors of z.
7, 11
Suppose -m + 0*m + 4*s = -37, 2*m - 98 = -4*s. Suppose 5 = -5*z + m. What are the prime factors of z?
2
Suppose -5*u = -3*u - 8. Suppose -3*s + 3 = 2*z - 5*z, z + 13 = u*s. Let g = s + -1. List the prime factors of g.
3
Let o(y) = -2*y**2 - 2*y**3 - 7*y**3 + 1 + 0*y**3. What are the prime factors of o(-1)?
2
Suppose -2*a + 5*j + 2 = -0*a, -4*j + 1 = a. Suppose -i + 2 = -a. Suppose 2*o - d - 8 = 0, i*o + 2 = -0*d - 2*d. List the prime factors of o.
2
Let v(d) = -32*d + 2. List the prime factors of v(-2).
2, 3, 11
Suppose -10*f + 15*f - 25 = 0. List the prime factors of f.
5
Let p(a) = 6*a**2 -